-6. Let j = -4 + f. List the prime factors of j.
7
Suppose 0 = -5*c + 54 + 91. Suppose 5*p - c = 2*j + 50, -2*p - 5*j = -49. What are the prime factors of p?
17
Let c be -2*((-13)/2 - -1). Let x be (0 + -8)*c/(-2). Suppose -1 - x = -5*l. List the prime factors of l.
3
Let f(b) = 2*b**2 - 10*b - 8. What are the prime factors of f(-5)?
2, 23
Suppose -2*h + 8 = 2*h. Suppose 2*c - 2 = 2*m, -3*c = -h*m - 0*m - 1. List the prime factors of 22/2 - (-1)/c.
2, 5
Let z = -25 - -11. Let a = z + 20. List the prime factors of a.
2, 3
Let l(a) = 3*a - 14. Let w be l(6). Suppose -t - 7 = 4*q + 3, -t - 2*q - w = 0. List the prime factors of t.
2
Suppose 15*j - 8*j = 399. List the prime factors of j.
3, 19
Suppose -2*t = -t - 2*p - 2, 14 = 3*t - 2*p. Let h(d) be the first derivative of d**2 - 6*d - 11. List the prime factors of h(t).
2, 3
Suppose 0 = 5*r + h - 21, -r - 4*h - 8 - 3 = 0. Suppose 0 = r*k - 27 - 113. What are the prime factors of k?
2, 7
Let i(l) be the third derivative of -l**5/60 - 5*l**4/12 + 13*l**3/6 + 3*l**2. What are the prime factors of i(-11)?
2
Let k(q) = -2*q - 2. Let c be k(-4). Suppose 2*f + 16 = c*f. Suppose f*n - 6 = 3*n. List the prime factors of n.
2, 3
Suppose 3*r = r + 130. What are the prime factors of r?
5, 13
Suppose 3*n - 5*n = 5*h - 1224, -3*n = -4*h + 993. What are the prime factors of h?
2, 3, 41
Let j(x) = -6*x**3 + 3*x**2 + x + 2. Let k(v) = -13*v**3 + 6*v**2 + v + 5. Let n(q) = 5*j(q) - 2*k(q). What are the prime factors of n(-2)?
2, 19
Let m be -2*(-2)/((-8)/(-54)). Let y(r) = r**2 + 3*r + 7. Let s be y(-5). Let w = m - s. List the prime factors of w.
2, 5
Let u(s) = -s**2 - 2. Suppose 2*n = -0*n. Let j be u(n). List the prime factors of (-3 + -4)/(1/j).
2, 7
Let o(g) = g**2 - g - 6. Let z be o(-6). Suppose -3*n + z = -n. List the prime factors of n.
2, 3
Let k(y) = y + 1. Let n(c) = 7 + 8 - 7 + 6*c. Let b(t) = 21*k(t) - 3*n(t). What are the prime factors of b(3)?
2, 3
Suppose 50 = -4*s - 46. Let b = s + 50. List the prime factors of b.
2, 13
Let p(y) = -2*y + 12. What are the prime factors of p(0)?
2, 3
Let m be 58 - (0 + -1 + 3). Suppose -4*u - m = 4*s, 5*u = -0*s + 5*s + 50. Let v = s - -27. What are the prime factors of v?
3, 5
Let p(w) = -5*w + 7. What are the prime factors of p(-2)?
17
Suppose 0 = -d - 1 + 21. Suppose 161 = 3*r + d. What are the prime factors of r?
47
Suppose -4*b = -f + 134, 3*f - 395 = 7*b - 2*b. List the prime factors of f.
2, 5, 13
Let j be -4 + 2 + 4/1. What are the prime factors of 18/2 - (-3 + j)?
2, 5
Let d be 1/1*0*1. Let v = 3 - d. Suppose 7*t - v*t = 28. What are the prime factors of t?
7
Let x = -431 - -775. List the prime factors of x.
2, 43
Let w = 99 + -60. Suppose 5*n - 2*n - 33 = -5*j, -5*j + w = 4*n. List the prime factors of n/8*(-3 - -19).
2, 3
Let i(m) = -m**2 - 7*m + 3. Let u be i(-6). List the prime factors of (6 - 2) + u/3.
7
Let c(y) be the third derivative of y**5/15 + y**4/8 + y**3/6 - y**2. What are the prime factors of c(-2)?
11
Suppose -1892 = -24*f + 13*f. List the prime factors of f.
2, 43
Let a = 5 - 1. Suppose -a*r + 3*h + 57 = 0, h + 30 = 2*r - 1. List the prime factors of r.
2, 3
Let t(z) = -9*z + 4. Let q(j) = 10*j - 3. Let n(u) = -4*q(u) - 5*t(u). List the prime factors of n(8).
2
Suppose -322 = -4*u + 142. List the prime factors of u.
2, 29
What are the prime factors of ((-2)/2 - 378/2)*-1?
2, 5, 19
Suppose 0 = 2*j - 0*j + 12. What are the prime factors of (33/(-9) - -1)*j?
2
Let j(u) = u. Let k(q) = -7*q + 2. Let w(s) = 3*j(s) + k(s). What are the prime factors of w(-4)?
2, 3
Let f = 53 + 1. What are the prime factors of f?
2, 3
Let l = -3 - -5. Suppose 0 = l*u + 2*a - 26, -4*u + a + 20 = -2*u. What are the prime factors of u?
11
Suppose b + 5*m - 967 = -3*b, 2*b - 5*m = 491. What are the prime factors of b?
3
Let m(i) = -2*i**3 + i**2 - i - 1. Let v be m(-1). Let k be (-4)/(3*(-2)/v). Let n = 0 + k. List the prime factors of n.
2
Suppose 5*c - 565 = -5*t, -12*t - 571 = -5*c - 11*t. List the prime factors of c.
2, 3, 19
Let m(l) = -l - 10. Let v be m(-7). Let j(w) = w**2 - 2. What are the prime factors of j(v)?
7
Suppose 0 = -13*f + 2331 + 633. What are the prime factors of f?
2, 3, 19
Let m(b) = 57*b**2 - b + 5. What are the prime factors of m(-2)?
5, 47
Let k = 5 + -1. Suppose 2 = -o, -4*v + v + k*o = -71. Suppose 0 - v = -3*p. List the prime factors of p.
7
Let m = -5 + 5. Let l = m + 7. List the prime factors of l.
7
Let a be (-324)/(-42) + 2/7. Suppose a = -2*l + l. List the prime factors of (-62)/l - 1/(-4).
2
Suppose 5*p = 3*p - 4. List the prime factors of 2 + p - -7*1.
7
Suppose -5*d - 5 = 3*l, l - 14 = -l + d. Suppose 0 = -0*i - l*i - 65. Let z = -2 - i. List the prime factors of z.
11
Suppose -j + 8 = 4*a, -8 = -7*a + 3*a. Let p(c) = c**2 + c. Let k(n) = -n**2 - 2*n - 9. Let s(r) = -k(r) - 2*p(r). List the prime factors of s(j).
3
Let o(q) = -q**2 + 5*q + 1. Let j be o(4). Suppose -5*w + 100 = 5*l, 15 = 2*w + j*l - 13. What are the prime factors of w?
2, 3
Let d be 8*2 + (0 - 1). Suppose 3*g - 6 = d. List the prime factors of g.
7
Suppose -n = 2*n - 144. Let z = n - 20. List the prime factors of z.
2, 7
Let f = 233 - 138. Suppose f = -3*p + 8*p. List the prime factors of p.
19
Let a(z) be the third derivative of z**5/20 + z**3/6 - 2*z**2. Let j be a(-1). What are the prime factors of (-3 + j)/((-1)/(-11))?
11
Suppose -5*v + 6*v = 6. What are the prime factors of v?
2, 3
Let r = 6 - 4. Let p(z) = z**r + 6 - 4*z + 0*z**2 + 0. What are the prime factors of p(5)?
11
What are the prime factors of (-84)/8*6/(-9)?
7
Let q(u) be the first derivative of -u**4/4 - u**3/3 + u**2/2 - 2. Suppose -5*f + 4*n - 3 = 0, -3*f + 0*n = 3*n + 18. List the prime factors of q(f).
3, 5
Let a = 2 - -7. Suppose -2*h - j + 0*j = -6, 0 = -3*h - 4*j + a. Suppose 4*c - h = 25. List the prime factors of c.
7
Let w(q) = -q - 11. Let u be w(-5). Let a = u - -8. Suppose a*t - 54 = -t. What are the prime factors of t?
2, 3
Suppose 0 = 2*g + 40 - 166. Suppose 0 = -3*k + 3*i + g, -5*k = 5*i - 41 - 114. List the prime factors of k.
2, 13
List the prime factors of 4/(-8) - (-59)/2.
29
Let i = -47 - -27. Let g = 38 + i. What are the prime factors of g?
2, 3
Let k(o) = -o**2 - 7*o + 4. Let u be ((-2)/(-4))/((-3)/36). What are the prime factors of k(u)?
2, 5
Suppose 0 = 3*o - 12, 3*t + 3*o + 0*o + 87 = 0. Let l = t - -82. What are the prime factors of l?
7
Let c be (1 - 1)/(1 + -2). Suppose 5*w = 5, c = 4*p - 6*w + 4*w - 302. Suppose -m - p = -5*m. What are the prime factors of m?
19
Let m(w) = -w**3 - w**2 + 2*w. Let b be m(-2). Suppose b = -o - 5*r + 13 - 6, 4*r - 119 = -5*o. List the prime factors of o.
3
Let l = 453 - 187. What are the prime factors of l?
2, 7, 19
Suppose -3*p + 15 = -12. Suppose 7 = 4*x - p. What are the prime factors of x?
2
Suppose 50 = 4*y - 34. What are the prime factors of y?
3, 7
Let a = 4 - 2. Suppose 2*d - 28 = a*c, 4*d - 44 = -0*d - 2*c. Suppose 32 = 4*p - d. What are the prime factors of p?
11
Let z(n) = 5*n**2 - 2*n**2 + 4*n - 5*n**2 + n**2. Let p be z(2). Suppose -l - 11 = -2*l + 4*s, 2*s + p = 0. List the prime factors of l.
3
Let x = -1 - -7. Suppose 0 = -5*v + x + 49. What are the prime factors of v?
11
Suppose -p = 5*s - 223, s - 2*s = -4. What are the prime factors of p?
7, 29
Let x(o) = o**2 + o - 3. Let r be x(3). Suppose -1 = j - r. Suppose -j = -3*m + 3*v + 19, 2*v + 34 = 4*m. What are the prime factors of m?
2
Let t = 74 - 36. What are the prime factors of t?
2, 19
Let v be 704/24 - 1/3. Suppose -v = -2*n + w, -6*w + w = 2*n - 35. What are the prime factors of n?
3, 5
Let j = 3 - 2. Let v(h) = h**2 - 3*h**3 + 4*h**3 + 7 - j + h. List the prime factors of v(0).
2, 3
Suppose 131 = 2*p + 25. What are the prime factors of p?
53
Let n(l) = -l**2 + 9*l - 11. Let f be n(8). Let i(a) = -3*a - 3. List the prime factors of i(f).
2, 3
Let d(s) be the third derivative of s**6/8 - s**5/60 + 2*s**2. Let v be d(1). Suppose 0 = 5*u + 4*c + v - 72, 54 = 5*u + 2*c. What are the prime factors of u?
2, 5
Suppose 3*y + s - 10 = 0, y + 2*s = -3*y + 14. Suppose 3*n = 34 + 2. Suppose -4*c + 12 = 0, 4 + n = 5*g - y*c. What are the prime factors of g?
5
What are the prime factors of (320/12 - 0)*(-9)/(-6)?
2, 5
Let v(n) = 9*n**2 - n - 2. Suppose -4*j - 2 = 2. List 